{"id":3,"date":"2025-07-19T10:24:48","date_gmt":"2025-07-19T10:24:48","guid":{"rendered":"https:\/\/xn--josborralho-dbb.com\/?page_id=3"},"modified":"2025-10-12T11:17:49","modified_gmt":"2025-10-12T11:17:49","slug":"politica-privacidade","status":"publish","type":"page","link":"https:\/\/xn--josborralho-dbb.com\/index.php\/politica-privacidade\/","title":{"rendered":"Politica de Privacidade"},"content":{"rendered":"<div class=\"fusion-fullwidth fullwidth-box fusion-builder-row-1 fusion-flex-container nonhundred-percent-fullwidth non-hundred-percent-height-scrolling\" style=\"--awb-border-radius-top-left:0px;--awb-border-radius-top-right:0px;--awb-border-radius-bottom-right:0px;--awb-border-radius-bottom-left:0px;--awb-flex-wrap:wrap;\" ><div class=\"fusion-builder-row fusion-row fusion-flex-align-items-flex-start fusion-flex-content-wrap\" style=\"max-width:1372.8px;margin-left: calc(-4% \/ 2 );margin-right: calc(-4% \/ 2 );\"><div class=\"fusion-layout-column fusion_builder_column fusion-builder-column-0 fusion_builder_column_1_1 1_1 fusion-flex-column\" style=\"--awb-bg-size:cover;--awb-width-large:100%;--awb-margin-top-large:0px;--awb-spacing-right-large:1.92%;--awb-margin-bottom-large:0px;--awb-spacing-left-large:1.92%;--awb-width-medium:100%;--awb-spacing-right-medium:1.92%;--awb-spacing-left-medium:1.92%;--awb-width-small:100%;--awb-spacing-right-small:1.92%;--awb-spacing-left-small:1.92%;\"><div class=\"fusion-column-wrapper fusion-flex-justify-content-flex-start fusion-content-layout-column\"><div class=\"fusion-text fusion-text-1\"><\/p>\n<h2 class=\"wp-block-heading\" data-fusion-font=\"true\" style=\"font-size: 30px;\">Quem somos<\/h2>\n<\/p>\n<p>O endere\u00e7o do nosso website \u00e9: https:\/\/jos\u00e9borralho.com<\/p>\n<\/p>\n<h2 class=\"wp-block-heading\" data-fusion-font=\"true\" style=\"font-size: 30px;\">Coment\u00e1rios<\/h2>\n<\/p>\n<p>Quando os visitantes deixam coment\u00e1rios no site, recolhemos os dados mostrados no formul\u00e1rio de coment\u00e1rios, bem como o endere\u00e7o IP do visitante e a cadeia de identifica\u00e7\u00e3o do navegador, para ajudar na dete\u00e7\u00e3o de spam.<\/p>\n<p>Uma sequ\u00eancia an\u00f3nima criada a partir do seu endere\u00e7o de e-mail (tamb\u00e9m chamada de hash) pode ser fornecida ao servi\u00e7o Gravatar para verificar se o est\u00e1 a utilizar. <br>A pol\u00edtica de privacidade do servi\u00e7o Gravatar est\u00e1 dispon\u00edvel aqui: https:\/\/automattic.com\/privacy\/<\/p>\n<p>Ap\u00f3s a aprova\u00e7\u00e3o do seu coment\u00e1rio, a imagem do seu perfil fica vis\u00edvel ao p\u00fablico no contexto do seu coment\u00e1rio.<\/p>\n<\/p>\n<h2 class=\"wp-block-heading\" data-fusion-font=\"true\" style=\"font-size: 30px;\">Multim\u00e9dia<\/h2>\n<\/p>\n<p>Se carregar imagens para o website, deve evitar enviar imagens que contenham dados de localiza\u00e7\u00e3o incorporados (EXIF GPS). Os visitantes do website podem descarregar e extrair quaisquer dados de localiza\u00e7\u00e3o das imagens no website.<\/p>\n<\/p>\n<h2 class=\"wp-block-heading\" data-fusion-font=\"true\" style=\"font-size: 30px;\">Cookies<\/h2>\n<\/p>\n<p>Se deixar um coment\u00e1rio no nosso site, pode optar por guardar o seu nome, endere\u00e7o de e-mail e website em cookies. Isto \u00e9 para sua conveni\u00eancia, para que n\u00e3o tenha de preencher novamente os seus dados quando deixar outro coment\u00e1rio. Estes cookies durar\u00e3o um ano.<\/p>\n<p>Se visitar a nossa p\u00e1gina de in\u00edcio de sess\u00e3o, ser\u00e1 definido um cookie tempor\u00e1rio para determinar se o seu navegador aceita cookies. Este cookie n\u00e3o cont\u00e9m dados pessoais e \u00e9 eliminado quando fecha o navegador.<\/p>\n<p>Quando inicia sess\u00e3o, s\u00e3o configurados v\u00e1rios cookies para guardar as suas informa\u00e7\u00f5es de in\u00edcio de sess\u00e3o e as suas prefer\u00eancias de visualiza\u00e7\u00e3o do ecr\u00e3. Os cookies de in\u00edcio de sess\u00e3o duram dois dias e os de op\u00e7\u00f5es de ecr\u00e3 duram um ano. Se selecionar \u201cLembrar-me\u201d, a sua sess\u00e3o permanecer\u00e1 ativa durante duas semanas. Se terminar sess\u00e3o, os cookies de in\u00edcio de sess\u00e3o ser\u00e3o removidos.<\/p>\n<p>Se editar ou publicar um artigo, um cookie adicional ser\u00e1 guardado no seu navegador. Este cookie n\u00e3o inclui dados pessoais e apenas indica o ID do artigo que acabou de editar. Expira ap\u00f3s 1 dia.<\/p>\n<\/p>\n<h2 class=\"wp-block-heading\" data-fusion-font=\"true\" style=\"font-size: 30px;\">Conte\u00fado incorporado de outros websites<\/h2>\n<\/p>\n<p>Os artigos neste site podem incluir conte\u00fado incorporado (por exemplo, v\u00eddeos, imagens, artigos, etc.). O conte\u00fado incorporado de outros websites comporta-se exatamente da mesma forma como se o visitante tivesse visitado o outro website.<\/p>\n<p>Estes websites podem recolher dados sobre si, usar cookies, incorporar rastreio adicional de terceiros e monitorizar a sua intera\u00e7\u00e3o com esse conte\u00fado incorporado, incluindo o rastreio da sua intera\u00e7\u00e3o se tiver uma conta e estiver autenticado nesse website.<\/p>\n<\/p>\n<h2 class=\"wp-block-heading\" data-fusion-font=\"true\" style=\"font-size: 30px;\">Com quem partilhamos os seus dados<\/h2>\n<\/p>\n<p>Se solicitar uma reposi\u00e7\u00e3o de palavra-passe, o seu endere\u00e7o IP ser\u00e1 inclu\u00eddo no e-mail de reposi\u00e7\u00e3o.<\/p>\n<\/p>\n<h2 class=\"wp-block-heading\" data-fusion-font=\"true\" style=\"font-size: 30px;\">Durante quanto tempo mantemos os seus dados<\/h2>\n<\/p>\n<p>Se deixar um coment\u00e1rio, o coment\u00e1rio e os seus metadados s\u00e3o mantidos indefinidamente. Isto permite-nos reconhecer e aprovar automaticamente quaisquer coment\u00e1rios de seguimento, em vez de os reter numa fila de modera\u00e7\u00e3o.<\/p>\n<p>Para os utilizadores que se registam no nosso website (se existirem), tamb\u00e9m armazenamos as informa\u00e7\u00f5es pessoais que fornecem no seu perfil de utilizador. Todos os utilizadores podem ver, editar ou eliminar as suas informa\u00e7\u00f5es pessoais a qualquer momento (exceto o nome de utilizador, que n\u00e3o pode ser alterado). Os administradores do website tamb\u00e9m podem ver e editar essas informa\u00e7\u00f5es.<\/p>\n<\/p>\n<h2 class=\"wp-block-heading\" data-fusion-font=\"true\" style=\"font-size: 30px;\">Quais s\u00e3o os seus direitos sobre os seus dados<\/h2>\n<\/p>\n<p>Se tiver uma conta neste site ou tiver deixado coment\u00e1rios, pode solicitar a rece\u00e7\u00e3o de um ficheiro exportado com os dados pessoais que temos sobre si, incluindo quaisquer dados que nos tenha fornecido. Tamb\u00e9m pode solicitar que apaguemos quaisquer dados pessoais que tenhamos sobre si. Isto n\u00e3o inclui quaisquer dados que sejamos obrigados a manter para fins administrativos, legais ou de seguran\u00e7a.<\/p>\n<\/p>\n<h2 class=\"wp-block-heading\" data-fusion-font=\"true\" style=\"font-size: 30px;\">Para onde s\u00e3o enviados os seus dados<\/h2>\n<\/p>\n<p>Os coment\u00e1rios dos visitantes podem ser verificados atrav\u00e9s de um servi\u00e7o autom\u00e1tico de dete\u00e7\u00e3o de spam.<\/p><\/p>\n<\/div><\/div><\/div><\/div><\/div>","protected":false},"excerpt":{"rendered":"","protected":false},"author":1,"featured_media":0,"parent":0,"menu_order":0,"comment_status":"closed","ping_status":"closed","template":"","meta":{"footnotes":""},"class_list":["post-3","page","type-page","status-publish","hentry"],"yoast_head":"<!-- This site is optimized with the Yoast SEO plugin v27.5 - https:\/\/yoast.com\/product\/yoast-seo-wordpress\/ -->\n<title>Politica de Privacidade - Jos\u00e9 Borralho<\/title>\n<meta name=\"robots\" content=\"index, follow, max-snippet:-1, max-image-preview:large, max-video-preview:-1\" \/>\n<link rel=\"canonical\" href=\"https:\/\/xn--josborralho-dbb.com\/index.php\/politica-privacidade\/\" \/>\n<meta property=\"og:locale\" content=\"pt_PT\" \/>\n<meta property=\"og:type\" content=\"article\" \/>\n<meta property=\"og:title\" content=\"Politica de Privacidade - Jos\u00e9 Borralho\" \/>\n<meta property=\"og:url\" content=\"https:\/\/xn--josborralho-dbb.com\/index.php\/politica-privacidade\/\" \/>\n<meta property=\"og:site_name\" content=\"Jos\u00e9 Borralho\" \/>\n<meta property=\"article:modified_time\" content=\"2025-10-12T11:17:49+00:00\" \/>\n<meta name=\"twitter:card\" content=\"summary_large_image\" \/>\n<meta name=\"twitter:label1\" content=\"Tempo estimado de leitura\" \/>\n\t<meta name=\"twitter:data1\" content=\"3 minutos\" \/>\n<script type=\"application\/ld+json\" class=\"yoast-schema-graph\">{\"@context\":\"https:\\\/\\\/schema.org\",\"@graph\":[{\"@type\":\"WebPage\",\"@id\":\"https:\\\/\\\/xn--josborralho-dbb.com\\\/index.php\\\/politica-privacidade\\\/\",\"url\":\"https:\\\/\\\/xn--josborralho-dbb.com\\\/index.php\\\/politica-privacidade\\\/\",\"name\":\"Politica de Privacidade - Jos\u00e9 Borralho\",\"isPartOf\":{\"@id\":\"https:\\\/\\\/xn--josborralho-dbb.com\\\/#website\"},\"datePublished\":\"2025-07-19T10:24:48+00:00\",\"dateModified\":\"2025-10-12T11:17:49+00:00\",\"breadcrumb\":{\"@id\":\"https:\\\/\\\/xn--josborralho-dbb.com\\\/index.php\\\/politica-privacidade\\\/#breadcrumb\"},\"inLanguage\":\"pt-PT\",\"potentialAction\":[{\"@type\":\"ReadAction\",\"target\":[\"https:\\\/\\\/xn--josborralho-dbb.com\\\/index.php\\\/politica-privacidade\\\/\"]}]},{\"@type\":\"BreadcrumbList\",\"@id\":\"https:\\\/\\\/xn--josborralho-dbb.com\\\/index.php\\\/politica-privacidade\\\/#breadcrumb\",\"itemListElement\":[{\"@type\":\"ListItem\",\"position\":1,\"name\":\"Home\",\"item\":\"https:\\\/\\\/xn--josborralho-dbb.com\\\/\"},{\"@type\":\"ListItem\",\"position\":2,\"name\":\"Politica de Privacidade\"}]},{\"@type\":\"WebSite\",\"@id\":\"https:\\\/\\\/xn--josborralho-dbb.com\\\/#website\",\"url\":\"https:\\\/\\\/xn--josborralho-dbb.com\\\/\",\"name\":\"Jos\u00e9 Borralho\",\"description\":\"\",\"publisher\":{\"@id\":\"https:\\\/\\\/xn--josborralho-dbb.com\\\/#\\\/schema\\\/person\\\/ec43766835ccdbd9bd50ade387e970ed\"},\"potentialAction\":[{\"@type\":\"SearchAction\",\"target\":{\"@type\":\"EntryPoint\",\"urlTemplate\":\"https:\\\/\\\/xn--josborralho-dbb.com\\\/?s={search_term_string}\"},\"query-input\":{\"@type\":\"PropertyValueSpecification\",\"valueRequired\":true,\"valueName\":\"search_term_string\"}}],\"inLanguage\":\"pt-PT\"},{\"@type\":[\"Person\",\"Organization\"],\"@id\":\"https:\\\/\\\/xn--josborralho-dbb.com\\\/#\\\/schema\\\/person\\\/ec43766835ccdbd9bd50ade387e970ed\",\"name\":\"Jos\u00e9 Borralho\",\"image\":{\"@type\":\"ImageObject\",\"inLanguage\":\"pt-PT\",\"@id\":\"https:\\\/\\\/xn--josborralho-dbb.com\\\/wp-content\\\/uploads\\\/2025\\\/09\\\/Logo-joseborralho_300.webp\",\"url\":\"https:\\\/\\\/xn--josborralho-dbb.com\\\/wp-content\\\/uploads\\\/2025\\\/09\\\/Logo-joseborralho_300.webp\",\"contentUrl\":\"https:\\\/\\\/xn--josborralho-dbb.com\\\/wp-content\\\/uploads\\\/2025\\\/09\\\/Logo-joseborralho_300.webp\",\"width\":300,\"height\":116,\"caption\":\"Jos\u00e9 Borralho\"},\"logo\":{\"@id\":\"https:\\\/\\\/xn--josborralho-dbb.com\\\/wp-content\\\/uploads\\\/2025\\\/09\\\/Logo-joseborralho_300.webp\"},\"sameAs\":[\"http:\\\/\\\/www.jos\u00e9borralho.com\"]}]}<\/script>\n<!-- \/ Yoast SEO plugin. -->","yoast_head_json":{"title":"Politica de Privacidade - Jos\u00e9 Borralho","robots":{"index":"index","follow":"follow","max-snippet":"max-snippet:-1","max-image-preview":"max-image-preview:large","max-video-preview":"max-video-preview:-1"},"canonical":"https:\/\/xn--josborralho-dbb.com\/index.php\/politica-privacidade\/","og_locale":"pt_PT","og_type":"article","og_title":"Politica de Privacidade - Jos\u00e9 Borralho","og_url":"https:\/\/xn--josborralho-dbb.com\/index.php\/politica-privacidade\/","og_site_name":"Jos\u00e9 Borralho","article_modified_time":"2025-10-12T11:17:49+00:00","twitter_card":"summary_large_image","twitter_misc":{"Tempo estimado de leitura":"3 minutos"},"schema":{"@context":"https:\/\/schema.org","@graph":[{"@type":"WebPage","@id":"https:\/\/xn--josborralho-dbb.com\/index.php\/politica-privacidade\/","url":"https:\/\/xn--josborralho-dbb.com\/index.php\/politica-privacidade\/","name":"Politica de Privacidade - Jos\u00e9 Borralho","isPartOf":{"@id":"https:\/\/xn--josborralho-dbb.com\/#website"},"datePublished":"2025-07-19T10:24:48+00:00","dateModified":"2025-10-12T11:17:49+00:00","breadcrumb":{"@id":"https:\/\/xn--josborralho-dbb.com\/index.php\/politica-privacidade\/#breadcrumb"},"inLanguage":"pt-PT","potentialAction":[{"@type":"ReadAction","target":["https:\/\/xn--josborralho-dbb.com\/index.php\/politica-privacidade\/"]}]},{"@type":"BreadcrumbList","@id":"https:\/\/xn--josborralho-dbb.com\/index.php\/politica-privacidade\/#breadcrumb","itemListElement":[{"@type":"ListItem","position":1,"name":"Home","item":"https:\/\/xn--josborralho-dbb.com\/"},{"@type":"ListItem","position":2,"name":"Politica de Privacidade"}]},{"@type":"WebSite","@id":"https:\/\/xn--josborralho-dbb.com\/#website","url":"https:\/\/xn--josborralho-dbb.com\/","name":"Jos\u00e9 Borralho","description":"","publisher":{"@id":"https:\/\/xn--josborralho-dbb.com\/#\/schema\/person\/ec43766835ccdbd9bd50ade387e970ed"},"potentialAction":[{"@type":"SearchAction","target":{"@type":"EntryPoint","urlTemplate":"https:\/\/xn--josborralho-dbb.com\/?s={search_term_string}"},"query-input":{"@type":"PropertyValueSpecification","valueRequired":true,"valueName":"search_term_string"}}],"inLanguage":"pt-PT"},{"@type":["Person","Organization"],"@id":"https:\/\/xn--josborralho-dbb.com\/#\/schema\/person\/ec43766835ccdbd9bd50ade387e970ed","name":"Jos\u00e9 Borralho","image":{"@type":"ImageObject","inLanguage":"pt-PT","@id":"https:\/\/xn--josborralho-dbb.com\/wp-content\/uploads\/2025\/09\/Logo-joseborralho_300.webp","url":"https:\/\/xn--josborralho-dbb.com\/wp-content\/uploads\/2025\/09\/Logo-joseborralho_300.webp","contentUrl":"https:\/\/xn--josborralho-dbb.com\/wp-content\/uploads\/2025\/09\/Logo-joseborralho_300.webp","width":300,"height":116,"caption":"Jos\u00e9 Borralho"},"logo":{"@id":"https:\/\/xn--josborralho-dbb.com\/wp-content\/uploads\/2025\/09\/Logo-joseborralho_300.webp"},"sameAs":["http:\/\/www.jos\u00e9borralho.com"]}]}},"_links":{"self":[{"href":"https:\/\/xn--josborralho-dbb.com\/index.php\/wp-json\/wp\/v2\/pages\/3","targetHints":{"allow":["GET"]}}],"collection":[{"href":"https:\/\/xn--josborralho-dbb.com\/index.php\/wp-json\/wp\/v2\/pages"}],"about":[{"href":"https:\/\/xn--josborralho-dbb.com\/index.php\/wp-json\/wp\/v2\/types\/page"}],"author":[{"embeddable":true,"href":"https:\/\/xn--josborralho-dbb.com\/index.php\/wp-json\/wp\/v2\/users\/1"}],"replies":[{"embeddable":true,"href":"https:\/\/xn--josborralho-dbb.com\/index.php\/wp-json\/wp\/v2\/comments?post=3"}],"version-history":[{"count":2,"href":"https:\/\/xn--josborralho-dbb.com\/index.php\/wp-json\/wp\/v2\/pages\/3\/revisions"}],"predecessor-version":[{"id":3957,"href":"https:\/\/xn--josborralho-dbb.com\/index.php\/wp-json\/wp\/v2\/pages\/3\/revisions\/3957"}],"wp:attachment":[{"href":"https:\/\/xn--josborralho-dbb.com\/index.php\/wp-json\/wp\/v2\/media?parent=3"}],"curies":[{"name":"wp","href":"https:\/\/api.w.org\/{rel}","templated":true}]}}